{"id":184,"date":"2020-04-18T08:09:59","date_gmt":"2020-04-18T08:09:59","guid":{"rendered":"https:\/\/www.suv-security.de\/?page_id=184"},"modified":"2025-06-18T09:46:24","modified_gmt":"2025-06-18T09:46:24","slug":"start","status":"publish","type":"page","link":"https:\/\/www.suv-security.de\/","title":{"rendered":"Start"},"content":{"rendered":"\t\t<div data-elementor-type=\"wp-page\" data-elementor-id=\"184\" class=\"elementor elementor-184\" data-elementor-settings=\"{&quot;ha_cmc_init_switcher&quot;:&quot;no&quot;}\" data-elementor-post-type=\"page\">\n\t\t\t\t\t\t<section class=\"elementor-section elementor-top-section elementor-element elementor-element-321eaaa elementor-section-boxed elementor-section-height-default elementor-section-height-default\" data-id=\"321eaaa\" data-element_type=\"section\" data-e-type=\"section\" data-settings=\"{&quot;_ha_eqh_enable&quot;:false}\">\n\t\t\t\t\t\t<div class=\"elementor-container elementor-column-gap-default\">\n\t\t\t\t\t<div class=\"elementor-column elementor-col-100 elementor-top-column elementor-element elementor-element-1c5f2a8\" data-id=\"1c5f2a8\" data-element_type=\"column\" data-e-type=\"column\">\n\t\t\t<div class=\"elementor-widget-wrap elementor-element-populated\">\n\t\t\t\t\t\t<div class=\"elementor-element elementor-element-b80d860 elementor-widget elementor-widget-spacer\" data-id=\"b80d860\" data-element_type=\"widget\" data-e-type=\"widget\" data-widget_type=\"spacer.default\">\n\t\t\t\t<div class=\"elementor-widget-container\">\n\t\t\t\t\t\t\t<div class=\"elementor-spacer\">\n\t\t\t<div class=\"elementor-spacer-inner\"><\/div>\n\t\t<\/div>\n\t\t\t\t\t\t<\/div>\n\t\t\t\t<\/div>\n\t\t\t\t\t<\/div>\n\t\t<\/div>\n\t\t\t\t\t<\/div>\n\t\t<\/section>\n\t\t\t\t<section class=\"elementor-section elementor-top-section elementor-element elementor-element-dd7782f elementor-hidden-mobile elementor-section-boxed elementor-section-height-default elementor-section-height-default\" data-id=\"dd7782f\" data-element_type=\"section\" data-e-type=\"section\" data-settings=\"{&quot;_ha_eqh_enable&quot;:false}\">\n\t\t\t\t\t\t<div class=\"elementor-container elementor-column-gap-default\">\n\t\t\t\t\t<div class=\"elementor-column elementor-col-33 elementor-top-column elementor-element elementor-element-4236854\" data-id=\"4236854\" data-element_type=\"column\" data-e-type=\"column\">\n\t\t\t<div class=\"elementor-widget-wrap elementor-element-populated\">\n\t\t\t\t\t\t<div class=\"elementor-element elementor-element-65e29fb elementor-widget elementor-widget-image\" data-id=\"65e29fb\" data-element_type=\"widget\" data-e-type=\"widget\" data-widget_type=\"image.default\">\n\t\t\t\t<div class=\"elementor-widget-container\">\n\t\t\t\t\t\t\t\t\t\t\t\t<figure class=\"wp-caption\">\n\t\t\t\t\t\t\t\t\t\t\t<a href=\"http:\/\/www.stoppt-mobbing.de\">\n\t\t\t\t\t\t\t<img fetchpriority=\"high\" decoding=\"async\" width=\"295\" height=\"313\" src=\"https:\/\/www.suv-security.de\/wp-content\/uploads\/2021\/12\/Stoppt_Mobbing_Logo_RGB.png\" class=\"attachment-large size-large wp-image-970\" alt=\"Stoppt Mobbing\" srcset=\"https:\/\/www.suv-security.de\/wp-content\/uploads\/2021\/12\/Stoppt_Mobbing_Logo_RGB.png 295w, https:\/\/www.suv-security.de\/wp-content\/uploads\/2021\/12\/Stoppt_Mobbing_Logo_RGB-283x300.png 283w\" sizes=\"(max-width: 295px) 100vw, 295px\" \/>\t\t\t\t\t\t\t\t<\/a>\n\t\t\t\t\t\t\t\t\t\t\t<figcaption class=\"widget-image-caption wp-caption-text\"><\/figcaption>\n\t\t\t\t\t\t\t\t\t\t<\/figure>\n\t\t\t\t\t\t\t\t\t<\/div>\n\t\t\t\t<\/div>\n\t\t\t\t\t<\/div>\n\t\t<\/div>\n\t\t\t\t<div class=\"elementor-column elementor-col-33 elementor-top-column elementor-element elementor-element-6f0381e\" data-id=\"6f0381e\" data-element_type=\"column\" data-e-type=\"column\">\n\t\t\t<div class=\"elementor-widget-wrap\">\n\t\t\t\t\t\t\t<\/div>\n\t\t<\/div>\n\t\t\t\t<div class=\"elementor-column elementor-col-33 elementor-top-column elementor-element elementor-element-d64bb1f\" data-id=\"d64bb1f\" data-element_type=\"column\" data-e-type=\"column\">\n\t\t\t<div class=\"elementor-widget-wrap elementor-element-populated\">\n\t\t\t\t\t\t<div class=\"elementor-element elementor-element-10fe775 elementor-widget elementor-widget-image\" data-id=\"10fe775\" data-element_type=\"widget\" data-e-type=\"widget\" data-widget_type=\"image.default\">\n\t\t\t\t<div class=\"elementor-widget-container\">\n\t\t\t\t\t\t\t\t\t\t\t\t<figure class=\"wp-caption\">\n\t\t\t\t\t\t\t\t\t\t\t<a href=\"http:\/\/www.b\u00fcndnis-kinderschutz.de\">\n\t\t\t\t\t\t\t<img decoding=\"async\" width=\"748\" height=\"617\" src=\"https:\/\/www.suv-security.de\/wp-content\/uploads\/2021\/12\/Kinderschutz-Logo.png\" class=\"attachment-large size-large wp-image-972\" alt=\"B\u00fcndnis Kinderschutz\" srcset=\"https:\/\/www.suv-security.de\/wp-content\/uploads\/2021\/12\/Kinderschutz-Logo.png 748w, https:\/\/www.suv-security.de\/wp-content\/uploads\/2021\/12\/Kinderschutz-Logo-300x247.png 300w\" sizes=\"(max-width: 748px) 100vw, 748px\" \/>\t\t\t\t\t\t\t\t<\/a>\n\t\t\t\t\t\t\t\t\t\t\t<figcaption class=\"widget-image-caption wp-caption-text\"><\/figcaption>\n\t\t\t\t\t\t\t\t\t\t<\/figure>\n\t\t\t\t\t\t\t\t\t<\/div>\n\t\t\t\t<\/div>\n\t\t\t\t\t<\/div>\n\t\t<\/div>\n\t\t\t\t\t<\/div>\n\t\t<\/section>\n\t\t\t\t<section class=\"elementor-section elementor-top-section elementor-element elementor-element-1247878 elementor-hidden-desktop elementor-hidden-tablet elementor-section-boxed elementor-section-height-default elementor-section-height-default\" data-id=\"1247878\" data-element_type=\"section\" data-e-type=\"section\" data-settings=\"{&quot;_ha_eqh_enable&quot;:false}\">\n\t\t\t\t\t\t<div class=\"elementor-container elementor-column-gap-default\">\n\t\t\t\t\t<div class=\"elementor-column elementor-col-100 elementor-top-column elementor-element elementor-element-29eeb0c\" data-id=\"29eeb0c\" data-element_type=\"column\" data-e-type=\"column\">\n\t\t\t<div class=\"elementor-widget-wrap\">\n\t\t\t\t\t\t\t<\/div>\n\t\t<\/div>\n\t\t\t\t\t<\/div>\n\t\t<\/section>\n\t\t\t\t<section class=\"elementor-section elementor-top-section elementor-element elementor-element-4383cb1 elementor-section-boxed elementor-section-height-default elementor-section-height-default\" data-id=\"4383cb1\" data-element_type=\"section\" data-e-type=\"section\" data-settings=\"{&quot;_ha_eqh_enable&quot;:false}\">\n\t\t\t\t\t\t<div class=\"elementor-container elementor-column-gap-default\">\n\t\t\t\t\t<div class=\"elementor-column elementor-col-100 elementor-top-column elementor-element elementor-element-2d73d19\" data-id=\"2d73d19\" data-element_type=\"column\" data-e-type=\"column\">\n\t\t\t<div class=\"elementor-widget-wrap elementor-element-populated\">\n\t\t\t\t\t\t<div class=\"elementor-element elementor-element-1523011 elementor-widget elementor-widget-spacer\" data-id=\"1523011\" data-element_type=\"widget\" data-e-type=\"widget\" data-widget_type=\"spacer.default\">\n\t\t\t\t<div class=\"elementor-widget-container\">\n\t\t\t\t\t\t\t<div class=\"elementor-spacer\">\n\t\t\t<div class=\"elementor-spacer-inner\"><\/div>\n\t\t<\/div>\n\t\t\t\t\t\t<\/div>\n\t\t\t\t<\/div>\n\t\t\t\t<section class=\"elementor-section elementor-inner-section elementor-element elementor-element-242fec9 elementor-section-full_width elementor-section-height-default elementor-section-height-default\" data-id=\"242fec9\" data-element_type=\"section\" data-e-type=\"section\" data-settings=\"{&quot;_ha_eqh_enable&quot;:false}\">\n\t\t\t\t\t\t<div class=\"elementor-container elementor-column-gap-default\">\n\t\t\t\t\t<div class=\"elementor-column elementor-col-50 elementor-inner-column elementor-element elementor-element-2f27a18\" data-id=\"2f27a18\" data-element_type=\"column\" data-e-type=\"column\">\n\t\t\t<div class=\"elementor-widget-wrap elementor-element-populated\">\n\t\t\t\t\t\t<div class=\"elementor-element elementor-element-6dfbb9a elementor-widget elementor-widget-image\" data-id=\"6dfbb9a\" data-element_type=\"widget\" data-e-type=\"widget\" data-widget_type=\"image.default\">\n\t\t\t\t<div class=\"elementor-widget-container\">\n\t\t\t\t\t\t\t\t\t\t\t\t<figure class=\"wp-caption\">\n\t\t\t\t\t\t\t\t\t\t\t<a href=\"https:\/\/www.suv-security.de\/index.php\/home\/\">\n\t\t\t\t\t\t\t<img decoding=\"async\" width=\"800\" height=\"800\" src=\"https:\/\/www.suv-security.de\/wp-content\/uploads\/2025\/06\/6-1.png\" class=\"attachment-large size-large wp-image-1451\" alt=\"\" srcset=\"https:\/\/www.suv-security.de\/wp-content\/uploads\/2025\/06\/6-1.png 1024w, https:\/\/www.suv-security.de\/wp-content\/uploads\/2025\/06\/6-1-300x300.png 300w, https:\/\/www.suv-security.de\/wp-content\/uploads\/2025\/06\/6-1-150x150.png 150w, https:\/\/www.suv-security.de\/wp-content\/uploads\/2025\/06\/6-1-768x768.png 768w\" sizes=\"(max-width: 800px) 100vw, 800px\" \/>\t\t\t\t\t\t\t\t<\/a>\n\t\t\t\t\t\t\t\t\t\t\t<figcaption class=\"widget-image-caption wp-caption-text\"><\/figcaption>\n\t\t\t\t\t\t\t\t\t\t<\/figure>\n\t\t\t\t\t\t\t\t\t<\/div>\n\t\t\t\t<\/div>\n\t\t\t\t\t<\/div>\n\t\t<\/div>\n\t\t\t\t<div class=\"elementor-column elementor-col-50 elementor-inner-column elementor-element elementor-element-4979f41\" data-id=\"4979f41\" data-element_type=\"column\" data-e-type=\"column\">\n\t\t\t<div class=\"elementor-widget-wrap elementor-element-populated\">\n\t\t\t\t\t\t<div class=\"elementor-element elementor-element-9e4a036 elementor-widget elementor-widget-image\" data-id=\"9e4a036\" data-element_type=\"widget\" data-e-type=\"widget\" data-widget_type=\"image.default\">\n\t\t\t\t<div class=\"elementor-widget-container\">\n\t\t\t\t\t\t\t\t\t\t\t\t<figure class=\"wp-caption\">\n\t\t\t\t\t\t\t\t\t\t\t<a href=\"https:\/\/www.suv-security.de\/index.php\/neu-reinigungsservice\/\">\n\t\t\t\t\t\t\t<img loading=\"lazy\" decoding=\"async\" width=\"800\" height=\"800\" src=\"https:\/\/www.suv-security.de\/wp-content\/uploads\/2025\/06\/4-2.png\" class=\"attachment-large size-large wp-image-1455\" alt=\"\" srcset=\"https:\/\/www.suv-security.de\/wp-content\/uploads\/2025\/06\/4-2.png 1024w, https:\/\/www.suv-security.de\/wp-content\/uploads\/2025\/06\/4-2-300x300.png 300w, https:\/\/www.suv-security.de\/wp-content\/uploads\/2025\/06\/4-2-150x150.png 150w, https:\/\/www.suv-security.de\/wp-content\/uploads\/2025\/06\/4-2-768x768.png 768w\" sizes=\"(max-width: 800px) 100vw, 800px\" \/>\t\t\t\t\t\t\t\t<\/a>\n\t\t\t\t\t\t\t\t\t\t\t<figcaption class=\"widget-image-caption wp-caption-text\"><\/figcaption>\n\t\t\t\t\t\t\t\t\t\t<\/figure>\n\t\t\t\t\t\t\t\t\t<\/div>\n\t\t\t\t<\/div>\n\t\t\t\t\t<\/div>\n\t\t<\/div>\n\t\t\t\t\t<\/div>\n\t\t<\/section>\n\t\t\t\t\t<\/div>\n\t\t<\/div>\n\t\t\t\t\t<\/div>\n\t\t<\/section>\n\t\t\t\t<section class=\"elementor-section elementor-top-section elementor-element elementor-element-0baeee4 elementor-section-boxed elementor-section-height-default elementor-section-height-default\" data-id=\"0baeee4\" data-element_type=\"section\" data-e-type=\"section\" data-settings=\"{&quot;_ha_eqh_enable&quot;:false}\">\n\t\t\t\t\t\t<div class=\"elementor-container elementor-column-gap-default\">\n\t\t\t\t\t<div class=\"elementor-column elementor-col-100 elementor-top-column elementor-element elementor-element-47fc6b5\" data-id=\"47fc6b5\" data-element_type=\"column\" data-e-type=\"column\">\n\t\t\t<div class=\"elementor-widget-wrap elementor-element-populated\">\n\t\t\t\t\t\t\t<\/div>\n\t\t<\/div>\n\t\t\t\t\t<\/div>\n\t\t<\/section>\n\t\t\t\t<section class=\"elementor-section elementor-top-section elementor-element elementor-element-3e9e89d elementor-section-boxed elementor-section-height-default elementor-section-height-default\" data-id=\"3e9e89d\" data-element_type=\"section\" data-e-type=\"section\" data-settings=\"{&quot;_ha_eqh_enable&quot;:false}\">\n\t\t\t\t\t\t<div class=\"elementor-container elementor-column-gap-default\">\n\t\t\t\t\t<div class=\"elementor-column elementor-col-100 elementor-top-column elementor-element elementor-element-0663992\" data-id=\"0663992\" data-element_type=\"column\" data-e-type=\"column\">\n\t\t\t<div class=\"elementor-widget-wrap elementor-element-populated\">\n\t\t\t\t\t\t<div class=\"elementor-element elementor-element-d3e47c1 elementor-headline--style-highlight elementor-widget elementor-widget-animated-headline\" data-id=\"d3e47c1\" data-element_type=\"widget\" data-e-type=\"widget\" data-settings=\"{&quot;highlighted_text&quot;:&quot;  SUV Security &amp; Reinigung - &quot;,&quot;highlight_iteration_delay&quot;:800,&quot;headline_style&quot;:&quot;highlight&quot;,&quot;marker&quot;:&quot;circle&quot;,&quot;loop&quot;:&quot;yes&quot;,&quot;highlight_animation_duration&quot;:1200}\" data-widget_type=\"animated-headline.default\">\n\t\t\t\t<div class=\"elementor-widget-container\">\n\t\t\t\t\t\t\t<h1 class=\"elementor-headline\">\n\t\t\t\t<span class=\"elementor-headline-dynamic-wrapper elementor-headline-text-wrapper\">\n\t\t\t\t\t<span class=\"elementor-headline-dynamic-text elementor-headline-text-active\">  SUV Security &amp; Reinigung - <\/span>\n\t\t\t\t<\/span>\n\t\t\t\t\t<span class=\"elementor-headline-plain-text elementor-headline-text-wrapper\">Ihr starker Partner f\u00fcr Sicherheit &amp; Sauberkeit in Augsburg, Frankfurt und Hamburg.<\/span>\n\t\t\t\t\t<\/h1>\n\t\t\t\t\t\t<\/div>\n\t\t\t\t<\/div>\n\t\t\t\t<div class=\"elementor-element elementor-element-97c20ac elementor-widget__width-initial elementor-invisible elementor-widget elementor-widget-text-editor\" data-id=\"97c20ac\" data-element_type=\"widget\" data-e-type=\"widget\" data-settings=\"{&quot;_animation&quot;:&quot;zoomIn&quot;}\" data-widget_type=\"text-editor.default\">\n\t\t\t\t<div class=\"elementor-widget-container\">\n\t\t\t\t\t\t\t\t\t<h3 data-start=\"589\" data-end=\"622\">Was bedeutet <strong data-start=\"606\" data-end=\"613\">SUV<\/strong> bei uns?<\/h3><p data-start=\"624\" data-end=\"696\">SUV steht bei uns f\u00fcr mehr als nur einen Namen \u2013 es ist ein Versprechen.<\/p><ul data-start=\"698\" data-end=\"996\"><li data-start=\"698\" data-end=\"835\"><p data-start=\"700\" data-end=\"835\"><strong data-start=\"700\" data-end=\"716\">SUV Security<\/strong>: <strong data-start=\"718\" data-end=\"757\">Sicherheits- &amp; Veranstaltungsschutz<\/strong><br data-start=\"757\" data-end=\"760\" \/>Ma\u00dfgeschneiderte Sicherheitsl\u00f6sungen f\u00fcr Objekte, Unternehmen und Events.<\/p><\/li><li data-start=\"837\" data-end=\"996\"><p data-start=\"839\" data-end=\"996\"><strong data-start=\"839\" data-end=\"856\">SUV Reinigung<\/strong>: <strong data-start=\"858\" data-end=\"882\">Sauber &amp; Verl\u00e4sslich<\/strong><br data-start=\"882\" data-end=\"885\" \/>Ihr professioneller Reinigungsdienst f\u00fcr hygienisch saubere Ergebnisse \u2013 zuverl\u00e4ssig, gr\u00fcndlich und flexibel.<\/p><\/li><\/ul><p data-start=\"998\" data-end=\"1092\">Ob Schutz oder Sauberkeit: <strong data-start=\"1025\" data-end=\"1092\">SUV steht f\u00fcr Qualit\u00e4t, Vertrauen und Service \u2013 aus einer Hand.<\/strong><\/p><hr data-start=\"1094\" data-end=\"1097\" \/><h3 data-start=\"1099\" data-end=\"1140\"><img decoding=\"async\" class=\"emoji\" role=\"img\" draggable=\"false\" src=\"https:\/\/s.w.org\/images\/core\/emoji\/15.1.0\/svg\/1f512.svg\" alt=\"\ud83d\udd12\" \/> Sicherheitsdienst &amp; Objektschutz<\/h3><p data-start=\"1141\" data-end=\"1209\"><strong data-start=\"1141\" data-end=\"1209\">Zuverl\u00e4ssiger Sicherheitsdienst in Augsburg, Frankfurt &amp; Hamburg<\/strong><\/p><p data-start=\"1211\" data-end=\"1360\">Unsere professionellen Sicherheitskr\u00e4fte sch\u00fctzen, was Ihnen wichtig ist \u2013 mit individuellen Konzepten, 24\/7-Erreichbarkeit und maximaler Diskretion.<\/p><ul data-start=\"1362\" data-end=\"1784\"><li data-start=\"1362\" data-end=\"1526\"><p data-start=\"1364\" data-end=\"1526\"><strong data-start=\"1364\" data-end=\"1393\">Objektschutz &amp; Werkschutz<\/strong><br data-start=\"1393\" data-end=\"1396\" \/>Schutz f\u00fcr B\u00fcrogeb\u00e4ude, Baustellen, Industrieanlagen oder private Objekte \u2013 gegen Diebstahl, Vandalismus und unbefugten Zutritt.<\/p><\/li><li data-start=\"1528\" data-end=\"1673\"><p data-start=\"1530\" data-end=\"1673\"><strong data-start=\"1530\" data-end=\"1558\">Veranstaltungssicherheit<\/strong><br data-start=\"1558\" data-end=\"1561\" \/>Sicherheitsdienst f\u00fcr Events, Konzerte, Firmenfeiern und Messen \u2013 f\u00fcr einen sicheren und reibungslosen Ablauf.<\/p><\/li><li data-start=\"1675\" data-end=\"1784\"><p data-start=\"1677\" data-end=\"1784\"><strong data-start=\"1677\" data-end=\"1707\">Kurier- &amp; Transportdienste<\/strong><br data-start=\"1707\" data-end=\"1710\" \/>Sicherer, diskreter Transport sensibler Dokumente oder wertvoller G\u00fcter.<\/p><\/li><\/ul><hr data-start=\"1786\" data-end=\"1789\" \/><h3 data-start=\"1791\" data-end=\"1835\"><img decoding=\"async\" class=\"emoji\" role=\"img\" draggable=\"false\" src=\"https:\/\/s.w.org\/images\/core\/emoji\/15.1.0\/svg\/1f9fc.svg\" alt=\"\ud83e\uddfc\" \/> Reinigungsdienst &amp; Geb\u00e4udereinigung<\/h3><p data-start=\"1836\" data-end=\"1894\"><strong data-start=\"1836\" data-end=\"1894\">Ihr Reinigungsdienst f\u00fcr Augsburg, Frankfurt &amp; Hamburg<\/strong><\/p><p data-start=\"1896\" data-end=\"2044\">Als erfahrener Geb\u00e4udereiniger sorgen wir f\u00fcr hygienische und gepflegte R\u00e4ume \u2013 in B\u00fcros, Praxen, Hotels, Baustellen und \u00f6ffentlichen Einrichtungen.<\/p><ul data-start=\"2046\" data-end=\"2524\"><li data-start=\"2046\" data-end=\"2176\"><p data-start=\"2048\" data-end=\"2176\"><strong data-start=\"2048\" data-end=\"2073\">Gewerbliche Reinigung<\/strong><br data-start=\"2073\" data-end=\"2076\" \/>B\u00fcroreinigung, Praxisreinigung &amp; Hotelreinigung \u2013 f\u00fcr ein sauberes, repr\u00e4sentatives Arbeitsumfeld.<\/p><\/li><li data-start=\"2178\" data-end=\"2298\"><p data-start=\"2180\" data-end=\"2298\"><strong data-start=\"2180\" data-end=\"2203\">Unterhaltsreinigung<\/strong><br data-start=\"2203\" data-end=\"2206\" \/>Regelm\u00e4\u00dfige Reinigung f\u00fcr Unternehmen, Wohnanlagen und Beh\u00f6rden \u2013 zuverl\u00e4ssig und planbar.<\/p><\/li><li data-start=\"2300\" data-end=\"2419\"><p data-start=\"2302\" data-end=\"2419\"><strong data-start=\"2302\" data-end=\"2337\">Baureinigung &amp; Spezialreinigung<\/strong><br data-start=\"2337\" data-end=\"2340\" \/>Von der Baugrobreinigung bis zur Endreinigung nach Sanierungen oder Umbauten.<\/p><\/li><li data-start=\"2421\" data-end=\"2524\"><p data-start=\"2423\" data-end=\"2524\"><strong data-start=\"2423\" data-end=\"2451\">Glas- &amp; Fensterreinigung<\/strong><br data-start=\"2451\" data-end=\"2454\" \/>Streifenfreie Sauberkeit f\u00fcr Fenster, Glasfassaden und Winterg\u00e4rten.<\/p><\/li><\/ul><hr data-start=\"2526\" data-end=\"2529\" \/><h3 data-start=\"2531\" data-end=\"2567\"><img decoding=\"async\" class=\"emoji\" role=\"img\" draggable=\"false\" src=\"https:\/\/s.w.org\/images\/core\/emoji\/15.1.0\/svg\/2705.svg\" alt=\"\u2705\" \/> Warum SUV Security &amp; Cleaning?<\/h3><ul data-start=\"2569\" data-end=\"2882\"><li data-start=\"2569\" data-end=\"2665\"><p data-start=\"2571\" data-end=\"2665\"><strong data-start=\"2571\" data-end=\"2610\">Zwei Services \u2013 ein Ansprechpartner<\/strong>: Sicherheitsdienst &amp; Reinigungsdienst aus einer Hand<\/p><\/li><li data-start=\"2666\" data-end=\"2713\"><p data-start=\"2668\" data-end=\"2713\"><strong data-start=\"2668\" data-end=\"2687\">24\/7 f\u00fcr Sie da<\/strong>: Tag &amp; Nacht erreichbar<\/p><\/li><li data-start=\"2714\" data-end=\"2791\"><p data-start=\"2716\" data-end=\"2791\"><strong data-start=\"2716\" data-end=\"2741\">Individuelle L\u00f6sungen<\/strong>: F\u00fcr Privatkunden, Unternehmen und Veranstalter<\/p><\/li><li data-start=\"2792\" data-end=\"2882\"><p data-start=\"2794\" data-end=\"2882\"><strong data-start=\"2794\" data-end=\"2816\">Vor Ort f\u00fcr Sie da<\/strong>: In <strong data-start=\"2821\" data-end=\"2844\">Augsburg, Frankfurt<\/strong> und <strong data-start=\"2849\" data-end=\"2860\">Hamburg<\/strong> \u2013 regional &amp; flexibel<\/p><\/li><\/ul><hr data-start=\"2884\" data-end=\"2887\" \/><h3 data-start=\"2889\" data-end=\"2924\"><img decoding=\"async\" class=\"emoji\" role=\"img\" draggable=\"false\" src=\"https:\/\/s.w.org\/images\/core\/emoji\/15.1.0\/svg\/1f4de.svg\" alt=\"\ud83d\udcde\" \/> Jetzt unverbindlich anfragen<\/h3><p data-start=\"2926\" data-end=\"3123\">Sie suchen einen zuverl\u00e4ssigen <strong data-start=\"2957\" data-end=\"2978\">Sicherheitsdienst<\/strong> oder einen professionellen <strong data-start=\"3006\" data-end=\"3026\">Reinigungsdienst<\/strong>?<br data-start=\"3027\" data-end=\"3030\" \/><strong data-start=\"3030\" data-end=\"3057\">SUV Security &amp; Cleaning<\/strong> ist Ihr starker Partner \u2013 pers\u00f6nlich, diskret und leistungsstark.<\/p><p data-start=\"3125\" data-end=\"3233\"><img decoding=\"async\" class=\"emoji\" role=\"img\" draggable=\"false\" src=\"https:\/\/s.w.org\/images\/core\/emoji\/15.1.0\/svg\/27a1.svg\" alt=\"\u27a1\" \/> <strong data-start=\"3127\" data-end=\"3139\">Telefon:<\/strong> +49 179 42 90009<br data-start=\"3156\" data-end=\"3159\" \/><img decoding=\"async\" class=\"emoji\" role=\"img\" draggable=\"false\" src=\"https:\/\/s.w.org\/images\/core\/emoji\/15.1.0\/svg\/27a1.svg\" alt=\"\u27a1\" \/> <strong data-start=\"3161\" data-end=\"3181\">Kontaktformular:<\/strong>\u00a0<a href=\"https:\/\/www.suv-security.de\/index.php\/kontakt\/\">hier\u00a0<\/a><br data-start=\"3199\" data-end=\"3202\" \/><img decoding=\"async\" class=\"emoji\" role=\"img\" draggable=\"false\" src=\"https:\/\/s.w.org\/images\/core\/emoji\/15.1.0\/svg\/27a1.svg\" alt=\"\u27a1\" \/> <strong data-start=\"3204\" data-end=\"3217\">\u00dcber uns:<\/strong>\u00a0<a href=\"https:\/\/www.suv-security.de\/index.php\/ueber-uns\/\">hier<\/a><\/p><hr data-start=\"3235\" data-end=\"3238\" \/><p data-start=\"3240\" data-end=\"3408\"><strong data-start=\"3240\" data-end=\"3354\">SUV Security &amp; Cleaning \u2013 Ihr Dienstleister f\u00fcr professionelle Geb\u00e4udereinigung &amp; Sicherheitsdienstleistungen.<\/strong><br data-start=\"3354\" data-end=\"3357\" \/><strong data-start=\"3357\" data-end=\"3408\">Sicherheit &amp; Sauberkeit \u2013 ganzheitlich gedacht.<\/strong><\/p><hr \/>\t\t\t\t\t\t\t\t<\/div>\n\t\t\t\t<\/div>\n\t\t\t\t\t<\/div>\n\t\t<\/div>\n\t\t\t\t\t<\/div>\n\t\t<\/section>\n\t\t\t\t<section class=\"elementor-section elementor-top-section elementor-element elementor-element-08dc936 elementor-section-boxed elementor-section-height-default elementor-section-height-default\" data-id=\"08dc936\" data-element_type=\"section\" data-e-type=\"section\" data-settings=\"{&quot;_ha_eqh_enable&quot;:false}\">\n\t\t\t\t\t\t<div class=\"elementor-container elementor-column-gap-default\">\n\t\t\t\t\t<div class=\"elementor-column elementor-col-100 elementor-top-column elementor-element elementor-element-db1b7b5\" data-id=\"db1b7b5\" data-element_type=\"column\" data-e-type=\"column\">\n\t\t\t<div class=\"elementor-widget-wrap elementor-element-populated\">\n\t\t\t\t\t\t<div class=\"elementor-element elementor-element-0e30567 elementor-widget elementor-widget-google_maps\" data-id=\"0e30567\" data-element_type=\"widget\" data-e-type=\"widget\" data-widget_type=\"google_maps.default\">\n\t\t\t\t<div class=\"elementor-widget-container\">\n\t\t\t\t\t\t\t<div class=\"elementor-custom-embed\">\n\t\t\t<iframe loading=\"lazy\"\n\t\t\t\t\tsrc=\"https:\/\/maps.google.com\/maps?q=suv%20security%20steinerne%20furt%2072%20augsburg&#038;t=m&#038;z=10&#038;output=embed&#038;iwloc=near\"\n\t\t\t\t\ttitle=\"suv security steinerne furt 72 augsburg\"\n\t\t\t\t\taria-label=\"suv security steinerne furt 72 augsburg\"\n\t\t\t><\/iframe>\n\t\t<\/div>\n\t\t\t\t\t\t<\/div>\n\t\t\t\t<\/div>\n\t\t\t\t<div class=\"elementor-element elementor-element-47b235b elementor-widget elementor-widget-image\" data-id=\"47b235b\" data-element_type=\"widget\" data-e-type=\"widget\" data-widget_type=\"image.default\">\n\t\t\t\t<div class=\"elementor-widget-container\">\n\t\t\t\t\t\t\t\t\t\t\t\t\t\t\t<img loading=\"lazy\" decoding=\"async\" width=\"150\" height=\"150\" src=\"https:\/\/www.suv-security.de\/wp-content\/uploads\/2025\/06\/5.Transparent_Schild-2-150x150.png\" class=\"attachment-thumbnail size-thumbnail wp-image-1456\" alt=\"\" srcset=\"https:\/\/www.suv-security.de\/wp-content\/uploads\/2025\/06\/5.Transparent_Schild-2-150x150.png 150w, https:\/\/www.suv-security.de\/wp-content\/uploads\/2025\/06\/5.Transparent_Schild-2-300x300.png 300w, https:\/\/www.suv-security.de\/wp-content\/uploads\/2025\/06\/5.Transparent_Schild-2-768x768.png 768w, https:\/\/www.suv-security.de\/wp-content\/uploads\/2025\/06\/5.Transparent_Schild-2.png 1024w\" sizes=\"(max-width: 150px) 100vw, 150px\" \/>\t\t\t\t\t\t\t\t\t\t\t\t\t\t\t<\/div>\n\t\t\t\t<\/div>\n\t\t\t\t\t<\/div>\n\t\t<\/div>\n\t\t\t\t\t<\/div>\n\t\t<\/section>\n\t\t\t\t<section class=\"elementor-section elementor-top-section elementor-element elementor-element-a0811a9 elementor-section-boxed elementor-section-height-default elementor-section-height-default\" data-id=\"a0811a9\" data-element_type=\"section\" data-e-type=\"section\" data-settings=\"{&quot;_ha_eqh_enable&quot;:false}\">\n\t\t\t\t\t\t<div class=\"elementor-container elementor-column-gap-default\">\n\t\t\t\t\t<div class=\"elementor-column elementor-col-100 elementor-top-column elementor-element elementor-element-45b044c\" data-id=\"45b044c\" data-element_type=\"column\" data-e-type=\"column\">\n\t\t\t<div class=\"elementor-widget-wrap\">\n\t\t\t\t\t\t\t<\/div>\n\t\t<\/div>\n\t\t\t\t\t<\/div>\n\t\t<\/section>\n\t\t\t\t<\/div>\n\t\t","protected":false},"excerpt":{"rendered":"<p>SUV Security &amp; Reinigung &#8211; Ihr starker Partner f\u00fcr Sicherheit &amp; Sauberkeit in Augsburg, Frankfurt und Hamburg. Was bedeutet SUV bei uns? SUV steht bei uns f\u00fcr mehr als nur einen Namen \u2013 es ist ein Versprechen. SUV Security: Sicherheits- &amp; VeranstaltungsschutzMa\u00dfgeschneiderte Sicherheitsl\u00f6sungen f\u00fcr Objekte, Unternehmen und Events. SUV Reinigung: Sauber &amp; Verl\u00e4sslichIhr professioneller Reinigungsdienst [&hellip;]<\/p>\n","protected":false},"author":1,"featured_media":0,"parent":0,"menu_order":0,"comment_status":"closed","ping_status":"closed","template":"elementor_canvas","meta":{"_monsterinsights_skip_tracking":false,"_monsterinsights_sitenote_active":false,"_monsterinsights_sitenote_note":"","_monsterinsights_sitenote_category":0,"_uf_show_specific_survey":0,"_uf_disable_surveys":false,"_joinchat":[],"footnotes":""},"class_list":["post-184","page","type-page","status-publish","hentry"],"aioseo_notices":[],"_links":{"self":[{"href":"https:\/\/www.suv-security.de\/index.php\/wp-json\/wp\/v2\/pages\/184","targetHints":{"allow":["GET"]}}],"collection":[{"href":"https:\/\/www.suv-security.de\/index.php\/wp-json\/wp\/v2\/pages"}],"about":[{"href":"https:\/\/www.suv-security.de\/index.php\/wp-json\/wp\/v2\/types\/page"}],"author":[{"embeddable":true,"href":"https:\/\/www.suv-security.de\/index.php\/wp-json\/wp\/v2\/users\/1"}],"replies":[{"embeddable":true,"href":"https:\/\/www.suv-security.de\/index.php\/wp-json\/wp\/v2\/comments?post=184"}],"version-history":[{"count":392,"href":"https:\/\/www.suv-security.de\/index.php\/wp-json\/wp\/v2\/pages\/184\/revisions"}],"predecessor-version":[{"id":1501,"href":"https:\/\/www.suv-security.de\/index.php\/wp-json\/wp\/v2\/pages\/184\/revisions\/1501"}],"wp:attachment":[{"href":"https:\/\/www.suv-security.de\/index.php\/wp-json\/wp\/v2\/media?parent=184"}],"curies":[{"name":"wp","href":"https:\/\/api.w.org\/{rel}","templated":true}]}}